{"id":210,"date":"2021-11-18T12:09:38","date_gmt":"2021-11-18T11:09:38","guid":{"rendered":"https:\/\/am-artcreation.com\/?page_id=210"},"modified":"2023-09-20T18:03:01","modified_gmt":"2023-09-20T16:03:01","slug":"bonjour","status":"publish","type":"page","link":"https:\/\/am-artcreation.com\/","title":{"rendered":"Bonjour"},"content":{"rendered":"\n<p class=\"has-drop-cap has-accent-color has-background-background-color has-text-color has-background has-small-font-size\">Je suis Amar Tafsir GUEYE, d&rsquo;origine s\u00e9n\u00e9galaise, \u00e0 Dijon depuis 5 ans. Je suis artisan-cr\u00e9ateur et j&rsquo;ai le plaisir de vous pr\u00e9senter mes cr\u00e9ations. Si l&rsquo;une d&rsquo;entre elles vous int\u00e9resse, ou si vous souhaitez une cr\u00e9ation sur mesure, n&rsquo;h\u00e9sitez pas \u00e0 me contacter au 06 23 00 60 30. J&rsquo;ai \u00e9t\u00e9  par ailleurs pendant 2 ans Pr\u00e9sident de l&rsquo;<a href=\"https:\/\/www.abtsf.fr\/\" target=\"_blank\" rel=\"noreferrer noopener\">Association Bourguignonne Talents Sans Fronti\u00e8res<\/a> qui rassemblent des artistes de tous pays qui d\u00e9sirent entretenir leur talent dans un atelier commun situ\u00e9 dans une Maison Eclusi\u00e8re au bord du canal de Bourgogne \u00e0 Ouges dans la p\u00e9riph\u00e9rie de Dijon.<\/p>\n\n\n<div class=\"wp-block-image\">\n<figure class=\"aligncenter size-large\"><img loading=\"lazy\" width=\"1024\" height=\"966\" src=\"https:\/\/am-artcreation.com\/wp-content\/uploads\/2021\/11\/IMG_20210626_174350_1-1024x966.jpg\" alt=\"Amar Gueye\" class=\"wp-image-17\"\/><figcaption>Amar Tafsir Gueye<\/figcaption><\/figure><\/div>","protected":false},"excerpt":{"rendered":"<p>Je suis Amar Tafsir GUEYE, d&rsquo;origine s\u00e9n\u00e9galaise, \u00e0 Dijon depuis 5 ans. Je suis artisan-cr\u00e9ateur et j&rsquo;ai le plaisir de vous pr\u00e9senter mes cr\u00e9ations. Si l&rsquo;une d&rsquo;entre elles vous int\u00e9resse, ou si vous souhaitez une cr\u00e9ation sur mesure, n&rsquo;h\u00e9sitez pas \u00e0 me contacter au 06 23 00 60 30. J&rsquo;ai \u00e9t\u00e9 par ailleurs pendant 2 [&hellip;]<\/p>\n","protected":false},"author":1,"featured_media":0,"parent":0,"menu_order":0,"comment_status":"closed","ping_status":"closed","template":"","meta":[],"_links":{"self":[{"href":"https:\/\/am-artcreation.com\/index.php\/wp-json\/wp\/v2\/pages\/210"}],"collection":[{"href":"https:\/\/am-artcreation.com\/index.php\/wp-json\/wp\/v2\/pages"}],"about":[{"href":"https:\/\/am-artcreation.com\/index.php\/wp-json\/wp\/v2\/types\/page"}],"author":[{"embeddable":true,"href":"https:\/\/am-artcreation.com\/index.php\/wp-json\/wp\/v2\/users\/1"}],"replies":[{"embeddable":true,"href":"https:\/\/am-artcreation.com\/index.php\/wp-json\/wp\/v2\/comments?post=210"}],"version-history":[{"count":8,"href":"https:\/\/am-artcreation.com\/index.php\/wp-json\/wp\/v2\/pages\/210\/revisions"}],"predecessor-version":[{"id":314,"href":"https:\/\/am-artcreation.com\/index.php\/wp-json\/wp\/v2\/pages\/210\/revisions\/314"}],"wp:attachment":[{"href":"https:\/\/am-artcreation.com\/index.php\/wp-json\/wp\/v2\/media?parent=210"}],"curies":[{"name":"wp","href":"https:\/\/api.w.org\/{rel}","templated":true}]}}